{"id":1334,"date":"2025-09-08T15:29:27","date_gmt":"2025-09-08T13:29:27","guid":{"rendered":"http:\/\/170.210.81.163\/interfacultades\/?page_id=1334"},"modified":"2025-09-11T16:07:48","modified_gmt":"2025-09-11T14:07:48","slug":"sedes-en-cipolletti","status":"publish","type":"page","link":"https:\/\/interfacultades.uncoma.edu.ar\/index.php\/sedes-en-cipolletti\/","title":{"rendered":"Sedes en Cipolletti"},"content":{"rendered":"\t\t<div data-elementor-type=\"wp-page\" data-elementor-id=\"1334\" class=\"elementor elementor-1334\" data-elementor-post-type=\"page\">\n\t\t\t\t<div class=\"elementor-element elementor-element-2743d1a e-grid e-con-boxed e-con e-parent\" data-id=\"2743d1a\" data-element_type=\"container\" data-e-type=\"container\" data-settings=\"{&quot;background_background&quot;:&quot;classic&quot;}\">\n\t\t\t\t\t<div class=\"e-con-inner\">\n\t\t<div class=\"elementor-element elementor-element-246bb73 e-con-full e-flex e-con e-child\" data-id=\"246bb73\" data-element_type=\"container\" data-e-type=\"container\">\n\t\t<div class=\"elementor-element elementor-element-0584d80 e-con-full e-flex e-con e-child\" data-id=\"0584d80\" data-element_type=\"container\" data-e-type=\"container\">\n\t\t\t\t<div class=\"elementor-element elementor-element-6d0da89 elementor-position-left elementor-position-left elementor-position-top elementor-vertical-align-middle elementor-vertical-align-middle elementor-invisible elementor-widget elementor-widget-image-box\" data-id=\"6d0da89\" data-element_type=\"widget\" data-e-type=\"widget\" data-settings=\"{&quot;_animation&quot;:&quot;fadeInDown&quot;}\" data-widget_type=\"image-box.default\">\n\t\t\t\t\t<div class=\"elementor-image-box-wrapper\"><figure class=\"elementor-image-box-img\"><a href=\"https:\/\/maps.app.goo.gl\/inJst4dNqcLfGW6r6\" tabindex=\"-1\"><img fetchpriority=\"high\" decoding=\"async\" width=\"1024\" height=\"1024\" src=\"https:\/\/interfacultades.uncoma.edu.ar\/wp-content\/uploads\/2025\/09\/logo-interfacultades-blanco.png\" class=\"attachment-full size-full wp-image-2231\" alt=\"\" srcset=\"https:\/\/interfacultades.uncoma.edu.ar\/wp-content\/uploads\/2025\/09\/logo-interfacultades-blanco.png 1024w, https:\/\/interfacultades.uncoma.edu.ar\/wp-content\/uploads\/2025\/09\/logo-interfacultades-blanco-300x300.png 300w, https:\/\/interfacultades.uncoma.edu.ar\/wp-content\/uploads\/2025\/09\/logo-interfacultades-blanco-150x150.png 150w, https:\/\/interfacultades.uncoma.edu.ar\/wp-content\/uploads\/2025\/09\/logo-interfacultades-blanco-768x768.png 768w\" sizes=\"(max-width: 1024px) 100vw, 1024px\" \/><\/a><\/figure><div class=\"elementor-image-box-content\"><h4 class=\"elementor-image-box-title\"><a href=\"https:\/\/maps.app.goo.gl\/inJst4dNqcLfGW6r6\"> Voley, Basquet, Tenis de Mesa y B\u00e1dminton <\/a><\/h4><\/div><\/div>\t\t\t\t<\/div>\n\t\t\t\t<div class=\"elementor-element elementor-element-c5546b5 elementor-widget elementor-widget-image\" data-id=\"c5546b5\" data-element_type=\"widget\" data-e-type=\"widget\" data-widget_type=\"image.default\">\n\t\t\t\t\t\t\t\t\t\t\t\t<figure class=\"wp-caption\">\n\t\t\t\t\t\t\t\t\t\t\t<a href=\"https:\/\/maps.app.goo.gl\/inJst4dNqcLfGW6r6\">\n\t\t\t\t\t\t\t<img decoding=\"async\" width=\"426\" height=\"240\" src=\"https:\/\/interfacultades.uncoma.edu.ar\/wp-content\/uploads\/2025\/09\/corpo.jpg\" class=\"attachment-full size-full wp-image-2006\" alt=\"\" srcset=\"https:\/\/interfacultades.uncoma.edu.ar\/wp-content\/uploads\/2025\/09\/corpo.jpg 426w, https:\/\/interfacultades.uncoma.edu.ar\/wp-content\/uploads\/2025\/09\/corpo-300x169.jpg 300w\" sizes=\"(max-width: 426px) 100vw, 426px\" \/>\t\t\t\t\t\t\t\t<\/a>\n\t\t\t\t\t\t\t\t\t\t\t<figcaption class=\"widget-image-caption wp-caption-text\">Corpofrut Saavedra 190<\/figcaption>\n\t\t\t\t\t\t\t\t\t\t<\/figure>\n\t\t\t\t\t\t\t\t\t<\/div>\n\t\t\t\t<div class=\"elementor-element elementor-element-6f54bc2 elementor-align-justify elementor-widget elementor-widget-button\" data-id=\"6f54bc2\" data-element_type=\"widget\" data-e-type=\"widget\" data-widget_type=\"button.default\">\n\t\t\t\t\t\t\t\t\t\t<a class=\"elementor-button elementor-button-link elementor-size-sm\" href=\"https:\/\/maps.app.goo.gl\/inJst4dNqcLfGW6r6\" target=\"_blank\">\n\t\t\t\t\t\t<span class=\"elementor-button-content-wrapper\">\n\t\t\t\t\t\t<span class=\"elementor-button-icon\">\n\t\t\t\t<i aria-hidden=\"true\" class=\" ti-location-pin\"><\/i>\t\t\t<\/span>\n\t\t\t\t\t\t\t\t\t<span class=\"elementor-button-text\">Ubicaci\u00f3n<\/span>\n\t\t\t\t\t<\/span>\n\t\t\t\t\t<\/a>\n\t\t\t\t\t\t\t\t<\/div>\n\t\t\t\t<\/div>\n\t\t\t\t<\/div>\n\t\t<div class=\"elementor-element elementor-element-6914958 e-con-full e-flex e-con e-child\" data-id=\"6914958\" data-element_type=\"container\" data-e-type=\"container\">\n\t\t<div class=\"elementor-element elementor-element-050e2f5 e-con-full e-flex e-con e-child\" data-id=\"050e2f5\" data-element_type=\"container\" data-e-type=\"container\">\n\t\t<div class=\"elementor-element elementor-element-81047bd e-con-full e-flex e-con e-child\" data-id=\"81047bd\" data-element_type=\"container\" data-e-type=\"container\">\n\t\t\t\t<div class=\"elementor-element elementor-element-89c0021 elementor-position-left elementor-position-left elementor-position-top elementor-vertical-align-middle elementor-vertical-align-middle elementor-invisible elementor-widget elementor-widget-image-box\" data-id=\"89c0021\" data-element_type=\"widget\" data-e-type=\"widget\" data-settings=\"{&quot;_animation&quot;:&quot;fadeInDown&quot;}\" data-widget_type=\"image-box.default\">\n\t\t\t\t\t<div class=\"elementor-image-box-wrapper\"><figure class=\"elementor-image-box-img\"><img decoding=\"async\" width=\"700\" height=\"700\" src=\"https:\/\/interfacultades.uncoma.edu.ar\/wp-content\/uploads\/2025\/09\/Gemini_Generated_Image_mmjgfsmmjgfsmmjg.png\" class=\"attachment-full size-full wp-image-2313\" alt=\"\" srcset=\"https:\/\/interfacultades.uncoma.edu.ar\/wp-content\/uploads\/2025\/09\/Gemini_Generated_Image_mmjgfsmmjgfsmmjg.png 700w, https:\/\/interfacultades.uncoma.edu.ar\/wp-content\/uploads\/2025\/09\/Gemini_Generated_Image_mmjgfsmmjgfsmmjg-300x300.png 300w, https:\/\/interfacultades.uncoma.edu.ar\/wp-content\/uploads\/2025\/09\/Gemini_Generated_Image_mmjgfsmmjgfsmmjg-150x150.png 150w\" sizes=\"(max-width: 700px) 100vw, 700px\" \/><\/figure><div class=\"elementor-image-box-content\"><h4 class=\"elementor-image-box-title\">Handball<\/h4><\/div><\/div>\t\t\t\t<\/div>\n\t\t\t\t<div class=\"elementor-element elementor-element-0d4ebe0 elementor-widget elementor-widget-image\" data-id=\"0d4ebe0\" data-element_type=\"widget\" data-e-type=\"widget\" data-widget_type=\"image.default\">\n\t\t\t\t\t\t\t\t\t\t\t\t<figure class=\"wp-caption\">\n\t\t\t\t\t\t\t\t\t\t<img loading=\"lazy\" decoding=\"async\" width=\"408\" height=\"306\" src=\"https:\/\/interfacultades.uncoma.edu.ar\/wp-content\/uploads\/2025\/09\/GIMNASIO-MUNICIPAL-CIPOLLETTI.jpg\" class=\"attachment-full size-full wp-image-1286\" alt=\"\" srcset=\"https:\/\/interfacultades.uncoma.edu.ar\/wp-content\/uploads\/2025\/09\/GIMNASIO-MUNICIPAL-CIPOLLETTI.jpg 408w, https:\/\/interfacultades.uncoma.edu.ar\/wp-content\/uploads\/2025\/09\/GIMNASIO-MUNICIPAL-CIPOLLETTI-300x225.jpg 300w\" sizes=\"(max-width: 408px) 100vw, 408px\" \/>\t\t\t\t\t\t\t\t\t\t\t<figcaption class=\"widget-image-caption wp-caption-text\">Gimnasio Municipal<br>Naciones Unidas 1656<\/figcaption>\n\t\t\t\t\t\t\t\t\t\t<\/figure>\n\t\t\t\t\t\t\t\t\t<\/div>\n\t\t\t\t<div class=\"elementor-element elementor-element-53d108d elementor-align-justify elementor-widget elementor-widget-button\" data-id=\"53d108d\" data-element_type=\"widget\" data-e-type=\"widget\" data-widget_type=\"button.default\">\n\t\t\t\t\t\t\t\t\t\t<a class=\"elementor-button elementor-button-link elementor-size-sm\" href=\"https:\/\/maps.app.goo.gl\/ofRRRgPzVZsztLRu5\" target=\"_blank\">\n\t\t\t\t\t\t<span class=\"elementor-button-content-wrapper\">\n\t\t\t\t\t\t<span class=\"elementor-button-icon\">\n\t\t\t\t<i aria-hidden=\"true\" class=\" ti-location-pin\"><\/i>\t\t\t<\/span>\n\t\t\t\t\t\t\t\t\t<span class=\"elementor-button-text\">Ubicaci\u00f3n<\/span>\n\t\t\t\t\t<\/span>\n\t\t\t\t\t<\/a>\n\t\t\t\t\t\t\t\t<\/div>\n\t\t\t\t<\/div>\n\t\t\t\t<\/div>\n\t\t\t\t<\/div>\n\t\t<div class=\"elementor-element elementor-element-458a6b8 e-con-full e-flex e-con e-child\" data-id=\"458a6b8\" data-element_type=\"container\" data-e-type=\"container\">\n\t\t<div class=\"elementor-element elementor-element-6315145 e-con-full e-flex e-con e-child\" data-id=\"6315145\" data-element_type=\"container\" data-e-type=\"container\">\n\t\t\t\t<div class=\"elementor-element elementor-element-44359ec elementor-position-left elementor-position-left elementor-position-top elementor-vertical-align-middle elementor-vertical-align-middle elementor-invisible elementor-widget elementor-widget-image-box\" data-id=\"44359ec\" data-element_type=\"widget\" data-e-type=\"widget\" data-settings=\"{&quot;_animation&quot;:&quot;fadeInDown&quot;}\" data-widget_type=\"image-box.default\">\n\t\t\t\t\t<div class=\"elementor-image-box-wrapper\"><figure class=\"elementor-image-box-img\"><img loading=\"lazy\" decoding=\"async\" width=\"700\" height=\"700\" src=\"https:\/\/interfacultades.uncoma.edu.ar\/wp-content\/uploads\/2025\/09\/Gemini_Generated_Image_lx1rc7lx1rc7lx1r-6-1.png\" class=\"attachment-full size-full wp-image-2267\" alt=\"\" srcset=\"https:\/\/interfacultades.uncoma.edu.ar\/wp-content\/uploads\/2025\/09\/Gemini_Generated_Image_lx1rc7lx1rc7lx1r-6-1.png 700w, https:\/\/interfacultades.uncoma.edu.ar\/wp-content\/uploads\/2025\/09\/Gemini_Generated_Image_lx1rc7lx1rc7lx1r-6-1-300x300.png 300w, https:\/\/interfacultades.uncoma.edu.ar\/wp-content\/uploads\/2025\/09\/Gemini_Generated_Image_lx1rc7lx1rc7lx1r-6-1-150x150.png 150w\" sizes=\"(max-width: 700px) 100vw, 700px\" \/><\/figure><div class=\"elementor-image-box-content\"><h4 class=\"elementor-image-box-title\">Nataci\u00f3n<\/h4><\/div><\/div>\t\t\t\t<\/div>\n\t\t\t\t<div class=\"elementor-element elementor-element-c142b9c elementor-widget elementor-widget-image\" data-id=\"c142b9c\" data-element_type=\"widget\" data-e-type=\"widget\" data-widget_type=\"image.default\">\n\t\t\t\t\t\t\t\t\t\t\t\t<figure class=\"wp-caption\">\n\t\t\t\t\t\t\t\t\t\t<img loading=\"lazy\" decoding=\"async\" width=\"1080\" height=\"813\" src=\"https:\/\/interfacultades.uncoma.edu.ar\/wp-content\/uploads\/2025\/09\/CLUB-CIPOLLETTI.webp\" class=\"attachment-full size-full wp-image-1291\" alt=\"\" srcset=\"https:\/\/interfacultades.uncoma.edu.ar\/wp-content\/uploads\/2025\/09\/CLUB-CIPOLLETTI.webp 1080w, https:\/\/interfacultades.uncoma.edu.ar\/wp-content\/uploads\/2025\/09\/CLUB-CIPOLLETTI-300x226.webp 300w, https:\/\/interfacultades.uncoma.edu.ar\/wp-content\/uploads\/2025\/09\/CLUB-CIPOLLETTI-1024x771.webp 1024w, https:\/\/interfacultades.uncoma.edu.ar\/wp-content\/uploads\/2025\/09\/CLUB-CIPOLLETTI-768x578.webp 768w\" sizes=\"(max-width: 1080px) 100vw, 1080px\" \/>\t\t\t\t\t\t\t\t\t\t\t<figcaption class=\"widget-image-caption wp-caption-text\">Club Cipolletti<br>Avenida Mengelle 210<\/figcaption>\n\t\t\t\t\t\t\t\t\t\t<\/figure>\n\t\t\t\t\t\t\t\t\t<\/div>\n\t\t\t\t<div class=\"elementor-element elementor-element-7258b05 elementor-align-justify elementor-widget elementor-widget-button\" data-id=\"7258b05\" data-element_type=\"widget\" data-e-type=\"widget\" data-widget_type=\"button.default\">\n\t\t\t\t\t\t\t\t\t\t<a class=\"elementor-button elementor-button-link elementor-size-sm\" href=\"https:\/\/maps.app.goo.gl\/oT6rJQUYHW6pkV5i7\" target=\"_blank\">\n\t\t\t\t\t\t<span class=\"elementor-button-content-wrapper\">\n\t\t\t\t\t\t<span class=\"elementor-button-icon\">\n\t\t\t\t<i aria-hidden=\"true\" class=\" ti-location-pin\"><\/i>\t\t\t<\/span>\n\t\t\t\t\t\t\t\t\t<span class=\"elementor-button-text\">Ubicaci\u00f3n<\/span>\n\t\t\t\t\t<\/span>\n\t\t\t\t\t<\/a>\n\t\t\t\t\t\t\t\t<\/div>\n\t\t\t\t<\/div>\n\t\t\t\t<\/div>\n\t\t\t\t<div class=\"elementor-element elementor-element-7cbd016 elementor-hidden-tablet elementor-hidden-mobile elementor-widget elementor-widget-image\" data-id=\"7cbd016\" data-element_type=\"widget\" data-e-type=\"widget\" data-widget_type=\"image.default\">\n\t\t\t\t\t\t\t\t\t\t\t\t\t\t\t<img loading=\"lazy\" decoding=\"async\" width=\"950\" height=\"1000\" src=\"https:\/\/interfacultades.uncoma.edu.ar\/wp-content\/uploads\/2025\/08\/Mascota-.png\" class=\"attachment-2048x2048 size-2048x2048 wp-image-232\" alt=\"\" srcset=\"https:\/\/interfacultades.uncoma.edu.ar\/wp-content\/uploads\/2025\/08\/Mascota-.png 950w, https:\/\/interfacultades.uncoma.edu.ar\/wp-content\/uploads\/2025\/08\/Mascota--285x300.png 285w, https:\/\/interfacultades.uncoma.edu.ar\/wp-content\/uploads\/2025\/08\/Mascota--768x808.png 768w\" sizes=\"(max-width: 950px) 100vw, 950px\" \/>\t\t\t\t\t\t\t\t\t\t\t\t\t\t\t<\/div>\n\t\t\t\t\t<\/div>\n\t\t\t\t<\/div>\n\t\t\t\t<\/div>\n\t\t","protected":false},"excerpt":{"rendered":"<p>Voley, Basquet, Tenis de Mesa y B\u00e1dminton Corpofrut Saavedra 190 Ubicaci\u00f3n Handball Gimnasio MunicipalNaciones Unidas 1656 Ubicaci\u00f3n Nataci\u00f3n Club CipollettiAvenida Mengelle 210 Ubicaci\u00f3n<\/p>\n","protected":false},"author":2,"featured_media":620,"parent":0,"menu_order":0,"comment_status":"closed","ping_status":"closed","template":"","meta":{"footnotes":""},"class_list":["post-1334","page","type-page","status-publish","has-post-thumbnail","hentry"],"_links":{"self":[{"href":"https:\/\/interfacultades.uncoma.edu.ar\/index.php\/wp-json\/wp\/v2\/pages\/1334","targetHints":{"allow":["GET"]}}],"collection":[{"href":"https:\/\/interfacultades.uncoma.edu.ar\/index.php\/wp-json\/wp\/v2\/pages"}],"about":[{"href":"https:\/\/interfacultades.uncoma.edu.ar\/index.php\/wp-json\/wp\/v2\/types\/page"}],"author":[{"embeddable":true,"href":"https:\/\/interfacultades.uncoma.edu.ar\/index.php\/wp-json\/wp\/v2\/users\/2"}],"replies":[{"embeddable":true,"href":"https:\/\/interfacultades.uncoma.edu.ar\/index.php\/wp-json\/wp\/v2\/comments?post=1334"}],"version-history":[{"count":255,"href":"https:\/\/interfacultades.uncoma.edu.ar\/index.php\/wp-json\/wp\/v2\/pages\/1334\/revisions"}],"predecessor-version":[{"id":2328,"href":"https:\/\/interfacultades.uncoma.edu.ar\/index.php\/wp-json\/wp\/v2\/pages\/1334\/revisions\/2328"}],"wp:featuredmedia":[{"embeddable":true,"href":"https:\/\/interfacultades.uncoma.edu.ar\/index.php\/wp-json\/wp\/v2\/media\/620"}],"wp:attachment":[{"href":"https:\/\/interfacultades.uncoma.edu.ar\/index.php\/wp-json\/wp\/v2\/media?parent=1334"}],"curies":[{"name":"wp","href":"https:\/\/api.w.org\/{rel}","templated":true}]}}